564 + 34?
22533631
In base 6, what is 14055 + 1252024?
1310123
In base 14, what is -c80a - -d54?
-b896
In base 11, what is 39a88 - -3446?
42423
In base 16, what is 1c040 + 6?
1c046
In base 8, what is -11 - 270175?
-270206
In base 15, what is 4d0 + 96ba1?
97181
In base 9, what is 20723117 - 2?
20723115
In base 4, what is -10310321 + 133011?
-10111310
In base 3, what is -222002 + -1001202112?
-1002201121
In base 4, what is -30301232 - 21?
-30301313
In base 3, what is -1001000111 + 1110000?
-222120111
In base 5, what is -1 + -4002130444?
-4002131000
In base 14, what is -4 + 235830?
23582a
In base 5, what is -12041142403 - -1?
-12041142402
In base 3, what is -102 - 100012002112111?
-100012002112220
In base 2, what is 1011100001110001010 - 1010100?
1011100001100110110
In base 13, what is -15738 + 1041?
-146c7
In base 13, what is 9484 - 1266?
821b
In base 2, what is 1100010 - 11011111001011100?
-11011110111111010
In base 6, what is 12 + 13343503?
13343515
In base 7, what is -2401 + 16033?
13332
In base 13, what is -5557ba4 + 3?
-5557ba1
In base 8, what is -6132 - 5333?
-13465
In base 16, what is 2acb38 + 2?
2acb3a
In base 11, what is -2565a493 + -2?
-2565a495
In base 8, what is -7 - 13611?
-13620
In base 2, what is -1011001 + 111000110100000111011?
111000110011111100010
In base 5, what is 1 - 124421121041?
-124421121040
In base 7, what is -25026 + -3050?
-31106
In base 14, what is -a4c6 + 2425?
-80a1
In base 15, what is -19cca2e7 - -2?
-19cca2e5
In base 15, what is -5b - 1ed64?
-1edc0
In base 9, what is 274 - -167134?
167418
In base 14, what is -3967b - -44?
-39637
In base 3, what is 0 + -10200101210001?
-10200101210001
In base 5, what is -44 + 4242300214?
4242300120
In base 10, what is -8520433 - 1?
-8520434
In base 4, what is -1222 - 321313?
-323201
In base 9, what is -331103 - 2187?
-333301
In base 2, what is 10000010100101001110 - -11000010?
10000010101000010000
In base 2, what is 0 + 10010011101101101101010?
10010011101101101101010
In base 7, what is 331245263 - -21?
331245314
In base 4, what is -2 - 22313100022113?
-22313100022121
In base 12, what is a3471 + 50?
a3501
In base 11, what is 105a26 + -1a3?
105833
In base 3, what is 2 + -11202120102122012?
-11202120102122010
In base 5, what is 43131013321 + -10?
43131013311
In base 4, what is -3323123 + 1211?
-3321312
In base 4, what is -301031233132 - -1?
-301031233131
In base 15, what is 10 + -5ae29?
-5ae19
In base 11, what is -78a37 + -243?
-7917a
In base 6, what is -40253002103 + 4?
-40253002055
In base 7, what is -413535 + 361?
-413144
In base 2, what is -1101100 + -1011100011100001001?
-1011100011101110101
In base 11, what is 29aa278 + -4?
29aa274
In base 3, what is -12110022000 - 1120?
-12110100120
In base 9, what is 1554367 + 0?
1554367
In base 10, what is 730288 - -11?
730299
In base 4, what is 21133120023000 - -3?
21133120023003
In base 14, what is 8d - -14d8b?
1503a
In base 9, what is -3646 - -10062?
5315
In base 16, what is 13 - 1efc320?
-1efc30d
In base 6, what is 1 - -101245401?
101245402
In base 12, what is -5ab1a3 - -58?
-5ab147
In base 3, what is -11022002 - 21010002102?
-21021101111
In base 10, what is -106 - -1846173?
1846067
In base 9, what is -64568626 + -3?
-64568630
In base 5, what is -3 - 23124101442?
-23124102000
In base 12, what is 56 + 23194?
2322a
In base 14, what is -81148 - 2b?
-81175
In base 12, what is 156 - -121074?
12120a
In base 3, what is -110000 - -1011022100?
1010212100
In base 15, what is 34 - -3a2cd?
3a312
In base 14, what is -3c + -964dd?
-9653b
In base 5, what is -230301 + 1330131?
1044330
In base 9, what is -172814 + 2?
-172812
In base 5, what is -34100 + -23244?
-112344
In base 7, what is 6330 + 125432?
135062
In base 12, what is 926623a + -7?
9266233
In base 11, what is 485 - 166a7?
-16222
In base 7, what is -15241165 - -335?
-15240530
In base 2, what is 110000101000010010001101000 + 100?
110000101000010010001101100
In base 16, what is 4 + e5efd07?
e5efd0b
In base 6, what is 3252332 + 1324?
3254100
In base 10, what is -26638306 + -2?
-26638308
In base 9, what is 15121206 - 7?
15121188
In base 9, what is -2 - 162628401?
-162628403
In base 10, what is 1933822 - -2?
1933824
In base 4, what is -3 - 10102112000101?
-10102112000110
In base 10, what is 1927415 + 25?
1927440
In base 3, what is 202110020 + 2102202?
211212222
In base 6, what is -335101 - -14?
-335043
In base 9, what is -78 + 32324213?
32324124
In base 13, what is 8965c - -1031?
8a690
In base 16, what is -dd0 - -32544?
31774
In base 4, what is 332031 - -3332310?
10331001
In base 10, what is 3 + 2090246?
2090249
In base 14, what is -605 + -57107?
-5770c
In base 9, what is -111238 - -266?
-110862
In base 7, what is 34034236 + -11?
34034225
In base 4, what is 1001330220 - 300?
1001323320
In base 2, what is 10011011010101 + -100101001?
10010110101100
In base 10, what is 333 - 20170?
-19837
In base 12, what is 83a0b - -82?
83a91
In base 16, what is -4 - -33322b?
333227
In base 6, what is -131451032132 + -5?
-131451032141
In base 9, what is -266004 - 64?
-266068
In base 15, what is -43 - 3e8c6?
-3e919
In base 2, what is 111001 - 11010110010111111?
-11010110010000110
In base 4, what is 11 - 20223113113111?
-20223113113100
In base 6, what is -20 + -503122555?
-503123015
In base 6, what is -224242421 - 542?
-224243403
In base 8, what is 4 + 6213111?
6213115
In base 2, what is 1010110001 - 101010001001?
-11111011000
In base 2, what is -10110001110101001010 - 100111?
-10110001110101110001
In base 2, what is 100 + -111110110011111?
-111110110011011
In base 9, what is 0 + 6337667?
6337667
In base 4, what is -11021113211023 + 20?
-11021113211003
In base 14, what is -8a6248 - -7c?
-8a61aa
In base 7, what is -5 + -36000416?
-36000424
In base 5, what is 1122113 - 243333?
323230
In base 2, what is 1011110111111 - -10000000010?
1101111000001
In base 15, what is -98 + 4a93a?
4a892
In base 13, what is -b560205 - -5?
-b560200
In base 6, what is -12312 + -14442?
-31154
In base 2, what is -110010110000110111110 - 11?
-110010110000111000001
In base 15, what is -7a - 2041?
-20bb
In base 10, what is -45564152 + 10?
-45564142
In base 13, what is 2 - -11192?
11194
In base 5, what is -34232343240 - -10?
-34232343230
In base 11, what is -831 - 5812?
-6543
In base 14, what is 14307 + -6a47?
b6a0
In base 11, what is 1a900 + -7839?
13072
In base 14, what is 22102 + 2c87?
24d89
In base 7, what is 24303005063 + 5?
24303005101
In base 16, what is e567ab - -3?
e567ae
In base 12, what is -74 + -2616aa?
-261762
In base 14, what is -3a + -1a5ba6?
-1a5c02
In base 7, what is 0 - 134521534?
-134521534
In base 7, what is 1145 - -260133?
261311
In base 5, what is 100431340 + 11202?
100443042
In base 10, what is 231788 + 32?
231820
In base 7, what is -61460662 - -5?
-61460654
In base 13, what is 2 + -4496ac?
-4496aa
In base 2, what is 1010001001010011 - -1101111?
1010001011000010
In base 6, what is 424055043 - -2?
424055045
In base 6, what is -1022 - -5032422?
5031400
In base 7, what is -3345353 - -52?
-3345301
In base 6, what is -1 + 2430401325?
2430401324
In base 15, what is 22bd1d8 - -8?
22bd1e1
In base 12, what is -57a19 - 880?
-58699
In base 16, what is -b09 + -2dda?
-38e3
In base 2, what is 100100000110011101000100 + 1110?
100100000110011101010010
In base 3, what is -202222001100202 + 1?
-202222001100201
In base 16, what is -3 + -4564b88?
-4564b8b
In base 10, what is -3 + -301364019?
-301364022
In base 11, what is -30 + -5591611?
-5591641
In base 14, what is -1 - 39817?
-39818
In base 8, what is -6 + -30013235?
-30013243
In base 16, what is -1bb9db44 - 1?
-1bb9db45
In base 8, what is -13 + -270352?
-270365
In base 5, what is 340 + 123232?
124122
In base 4, what is 2 - -210120130032?
210120130100
In base 5, what is -234 - 343433100?
-343433334
In base 8, what is -7 + 22373151?
22373142
In base 15, what is 30694b0a + 4?
30694b0e
In base 8, what is 17161 + 26471?
45652
In base 5, what is 1 + -2023300043?
-2023300042
In base 11, what is 19360884 + -2?
19360882
In base 5, what is -24000233 - -30134?
-23420044
In base 10, what is 707 + 378169?
378876
In base 6, what is 423 + -1132134?
-1131311
In base 7, what is 1612 - -4220362?
4222304
In base 9, what is 835 + 3238?
4174
In base 7, what is -11 - 3663401600?
-3663401611
In base 16, what is